-13) - 11?
1
Calculate -6 + (-12 - -14) + 13 + 0.
9
Calculate -4 + 5 + -7 + 12 + 5.
11
What is the value of (3 - 15) + (5 + -23 - (5 + -13))?
-22
What is 7 + 0 + (-60 - -60) - 4?
3
Calculate (14 - 15) + 18 - (-8 - -10).
15
Calculate -8 - (-12 - -23 - 17).
-2
What is the value of -18 - -29 - (-2 - -10)?
3
What is the value of 0 - (-7 + 5 + (-29 - -21))?
10
Calculate 57 + -54 + 2 + -10 + 11.
6
What is -30 - (-77 - (-44 + 6))?
9
11 + -25 - -8 - -7
1
Evaluate (134 - 141) + 0 + 18.
11
What is 7 + -6 + (7 - 3) + 3 + -8?
0
(-68 - -44) + (16 - -1) - (0 - -8)
-15
(-7 - (-1 + 1 - 0)) + (-778 - -777)
-8
What is (0 - (-3 - -3)) + -14 + 22?
8
What is (3 - 2) + (-2 - -2) - (9 - 11)?
3
Evaluate -10 - (-9 + 24 + -2 + -9).
-14
Evaluate -25 + (-31 + 29 - -35).
8
Calculate 14 + (-17 + 3 - -6) + 3 + 2.
11
What is -1 - (-7 + -2 + 5)?
3
What is (45 - 22) + -6 + (3 - 0)?
20
Evaluate (32 - (-14 - -34)) + 14.
26
What is the value of -127 + 79 - (2 - 33)?
-17
What is the value of (7 - (-2 - (9 - 10))) + -17?
-9
Evaluate 14 + 0 + ((6 - 4) + -10 - -1).
7
Calculate -18 - (-4 - (0 - (-8 + (8 - 3)))).
-11
Calculate 14 + -2 + (-3 - -1) + 4 + 0.
14
What is the value of 13 - (19 - (-6 - -11))?
-1
0 - (23 - (25 + -25))
-23
Evaluate -5 + (15 - (21 + -21)).
10
Calculate 11 + -37 + -31 + 62.
5
Evaluate -16 - -24 - 43 - -57.
22
Evaluate (0 - 3) + (3 + 0 - -2) - 8.
-6
What is the value of -17 + (20 - 22) - -26?
7
What is (10 - (23 + 1)) + 9?
-5
Evaluate (23 + -25 - (-5 - (-8 - -2))) + -8.
-11
What is (26 - (-6 - -15)) + 4?
21
Evaluate (-535 - -519) + -4 + -2.
-22
Calculate (-3 - 0) + -2 - (-65 + 57).
3
Calculate -20 + (0 - 3 - (1 + -9)).
-15
Evaluate 9 + 0 - (14 + 1 + -6).
0
What is the value of -7 + 1 + 3 + (79 - 79)?
-3
What is the value of 22 - (-24 + (11 - -6) - (-16 + -1))?
12
10 - (24 + 8 + -20 - 16)
14
Calculate -8 + 27 + -13 - (0 - (-3 + 1)).
4
Evaluate 14 - 5 - 4 - -14.
19
What is the value of 10 + -1 - 1 - (38 - (-3 + 25))?
-8
What is the value of -14 + (9 - 13) + 10 + -23?
-31
What is the value of -7 - (-15 + (38 - 8))?
-22
What is -34 - (8 - (-35 + 62))?
-15
What is (4 - 2) + (-5 - -4) + 4 - 1?
4
Calculate 5 + (14 + 4 - (-2 - -7)) - 5.
13
Evaluate 1 - ((-5 - -8 - 7) + -2).
7
What is the value of -110 - -114 - (8 + 1) - (-5 + 0)?
0
What is 11 - (13 - (0 - -4 - 16))?
-14
Calculate (-14 + 40 - 13) + (-29 - -18).
2
11 - 5 - (-7 - -2)
11
What is 12 - (26 - (-3 + 12))?
-5
Evaluate -5 + 8 + -9 - (11 + -16).
-1
Evaluate 4 + 4 + 2 + -10 + 1 + 2.
3
Calculate -479 - -461 - (15 - 2).
-31
What is the value of 2 + -2 + -5 - (516 - 506)?
-15
Evaluate 20 - (32 + (21 - 13)).
-20
Evaluate 29 - 17 - (18 + -1) - -9.
4
What is -17 - -1 - ((-46 - 30) + 33)?
27
Calculate 11 + -9 - 21 - -16.
-3
What is 1 - ((-15 - -29) + -17) - -11?
15
Calculate 15 + -24 - 8 - (0 - (0 + -1)).
-18
Calculate 11 + (8 - 20) + -1.
-2
Evaluate 6 - (-22 + 35 - 11).
4
What is the value of -15 - ((-12 - -29) + -19)?
-13
32 + -15 - 14 - (2 + (1 - 2))
2
What is the value of 10 + -2 - (5 + (-12 - 4))?
19
What is the value of -7 + (-1 - ((2 - -14) + -11))?
-13
43 + -54 + (4 - 7)
-14
Calculate (-2 + -6 - (-41 + 43)) + 5 + -2.
-7
Evaluate -4 + (1 + 12 - (51 - 22)).
-20
16 + ((2 - 3) + -1 - (-5 + 0))
19
-1 + (-20 - -27) + 13
19
17 - -1 - (-65 - (80 - 136))
27
Evaluate (11 - (7 - -3)) + 13 + 5.
19
What is the value of 7 - (9 + (6 - (-5 - -20)))?
7
Calculate (-15 - -9) + 15 - -10.
19
What is -8 + (-2 - -2) + (77 - 82)?
-13
Calculate (-9 - -6) + -4 + 26 + -13.
6
What is -1 - (-6 + 17) - (141 - 147)?
-6
44 + (3 - 1 - 10) - 18
18
-34 + -33 + 40 - -19
-8
Evaluate -8 + 9 + -7 - (-2 + 10 + -12).
-2
What is -5 + (5 - 3 - 3 - -12) + -6?
0
What is the value of 19 + (-10 - (-40 + 27))?
22
What is the value of -17 + 40 - 11 - 38?
-26
(-39 - (-24 - -10)) + 31
6
What is -13 + (23 - (21 - 12))?
1
Calculate -19 + (20 - (-6 - -21)) + 0 + -1.
-15
What is the value of 12 + -14 + -14 + 1?
-15
Evaluate -24 + (0 - (-13 - (-6 - 3))).
-20
62 - 40 - (7 - 1) - 8
8
What is the value of 8 + 1 - (52 - 42) - (6 + -3)?
-4
-5 - (-1 + (-5 - -9 - -3 - 8))
-3
Evaluate -8 - 5 - (-11 + 17).
-19
What is the value of (7 + 1 - (-2 + 2)) + -19?
-11
What is the value of -165 + 162 - (1 + 0 - (-2 + 2))?
-4
What is 5 + 13 - 0 - -5 - 5 - -4?
22
Evaluate -4 - (14 - 30 - -22).
-10
(3 - 16) + (20 - -8)
15
-5 + 6 - 5 - (-16 + 0)
12
Calculate -40 - (-59 + (37 - 10)).
-8
What is the value of 5 + -6 + (6 - -4) + 3?
12
(5 - 29) + (20 - 19) - -8
-15
What is the value of 8 + (2 - -8) + -13?
5
-45 - -34 - (-12 + 4 + 6)
-9
What is 13 + -4 - (-5 + -1) - 1?
14
What is -4 + -44 + -5 + (2 - -19)?
-32
Calculate 4 + -13 - (4 + 0 - (7 + 0)).
-6
83 - 98 - (-3 + (3 - 1))
-14
What is the value of -9 + 55 + -21 + -34?
-9
What is 25 + 3 + (5 - 6) + 9 + -16?
20
What is the value of (71 - 95 - -43) + 2 + 0?
21
Evaluate -19 - (-18 + 28 - 19).
-10
Evaluate 9 + 2 + 1 + (-9 - -14) + -7.
10
What is (-8 - (16 - 3 - 2)) + -2 + 4?
-17
2 - (15 - 11) - -19 - (-14 - -8)
23
Evaluate -1 + (-1 - 2 - -3) + 43 + -17.
25
What is 7 - 2 - 1 - (0 + -9)?
13
What is -52 + 54 + -5 + 4 + -1?
0
-2 + -22 + 17 + (-3 - (5 + -6))
-9
(4 - (-4 + -6)) + 20 + -17
17
Evaluate (3 - 4) + -8 + 15 + -5.
1
(16 - (3 + 7 + -9) - 6) + -7
2
What is the value of (-25 + 12 - -9) + -5 + 15 + -3?
3
Calculate (-114 - -78) + (-4 - -2 - -16).
-22
What is (38 - -20) + 31 + -59?
30
(-4 - (1 - 7)) + (5 - (-20 + -5))
32
Calculate (-4 - 2 - (-1 - 11)) + -11 + -1.
-6
What is -31 - -18 - (0 - -1)?
-14
26 - 39 - (-6 + 11)
-18
Calculate -39 + 24 - (-29 - 3).
17
-3 + (-19 - (15 - 21 - -9))
-25
-6 - (3 + (7 - 13) + 5) - 1
-9
What is the value of 9 + (-9 - -23) - (34 + -22)?
11
Calculate -9 + (-17 - -32) - 13.
-7
9 + -25 + 50 + -34
0
Calculate -3 - (25 + 1) - (22 - (5 - -16)).
-30
Evaluate (63 - 31 - 45) + 29.
16
4 + (-63 - -23) + 28
-8
9 - (0 + 3) - -7 - (-1 + 0)
14
What is the value of -8 + 16 + 0 + -11?
-3
-4 + 21 - (-31 + 74 + -33)
7
Evaluate 6 + (-9 + 0 - (-5 + (-11 - -11))).
2
Evaluate 4 - (-14 - -12) - (2 - -2).
2
What is the value of -3 - (18 - (-1 + 17 - 9))?
-14
Evaluate (69 - 40) + 2 + (-2 - (-1 + -1)).
31
Calculate (6 - -3) + 6 + -4 + -1.
10
-1 + 18 + (14 + -7 + -16 - -12)
20
What is the value of (-1 - 15) + 55 + -33?
6
Evaluate 5 + (3 - -4) - (8 + 6).
-2
What is the value of 31 - (32 + 22) - -46?
23
What is (-1 - 7) + (11 - (16 - 20)) + 9?
16
What is the value of 6 + -6 - -9 - (16 - 6)?
-1
Calculate -11 + (36 - (-13 + 21)).
17
Calculate (8 - 13) + 5 - (3 + 5).
-8
2 - (-18 + (23 - 6))
3
Calculate 8 + -14 - 0 - (5 + -4).
-7
Calculate -11 - (-2 + (0 - 2) + -80 + 82).
-9
Evaluate 251 - 240 - (27 - 0).
-16
4 + 12 + -15 + (2 - 2) - -20
21
What is the value of 1 - (1 + 6) - (1782 + -1801)?
13
1 + (1 - -2) + -3 + 9
10
What is the value of (141 - 136) + (-1 - -8) + -3 + -13?
-4
What is -12 + 4 + 6 + -7 + -6?
-15
Calculate 14 - (13 + -5) - 17.
-11
What is the value of -15 - (-14 + (0 + 8 - 2))?
-7
What is 0 - (1 - (0 + 4)) - -13?
16
What is 7 - (-15 - -6 - -15)?
1
Evaluate 30 - (12 - (-25 + 12)).
5
Calculate 3 - 0 - (-13 + -18 + 21).
13
What is -21 + (-46 - -46) + 23?
2
Calculate -45 + 497 + -482 + (-6 - 0).
-36
What is 14 - ((12 - -2) + -17 + 6 + 4)?
7
What is -5 + -16 - (-47 - -31)?
-5
-3 + 3 + -1 + -41 + 37
-5
-184 + 195 + (-3 - -1)
9
(3 - -2 - -7) + -12 - 16
-16
25 + -60 + 3 + 20
-12
-23 + (-6 - (-16 + -17))
4
Evaluate 3 - -5 - (-2 + -24 - -7).
27
4 - (10 + (8 - 18 - -5))
-1
What is (1 - (7 - 1)) + -1 + -64 + 78?
8
(55 - 3) + -29 + -4
19
What is (4 - (6 + -2 - 5)) + (4 - -3)?
12
17 - ((1 - -15) + -22)
23
What is -14 - ((9 - 6) + -8)?
-9
Calculate 7 + (14 - 26) + -24 + (7 - -1).
-21
Evaluate 13 - (29 + -10 + 5) - (-3 - 2).
-6
(-39 - -19 - -8) + -1 + 29
16
Calculate 42 + (-26 - (4 - 10)).
22
What is the value of 38 + 7 + -7 + -18?
20
Calculate 9 + (0 - 5) + (-1 - -13).
16
-2 - (8 - (2 + (-1 - -4) - -4))
-1
Calculate -675 + 676 - ((-1 - -1) + 2).
-1
What is -8 - -14 - 0 - 9?
-3
What is the value of (6 - -1) + (-16 - (-11 + -4)) + -7?
-1
Calculate 5 - (5 + (-1 - 8) + (1 - 8)).
16
What is (8 - (-1 + -5)) + -25?
-11
Calculate (0 - -1) + -28 + -11 + (-8 - -29).
-17
Evaluate 8 + (-2 - 0) - (4 - -40 - 16).
-22
What is (-60 - -53) + 18 + (-1 - -1)?
11
What is the value of 0 + 0 + 3 - (6 - 1 - -12)?
-14
Evaluate -28 + (1 - -20) + -11 - (2 - -8).
-28
-1 - (0